{"id":67,"date":"2025-02-07T18:57:37","date_gmt":"2025-02-07T18:57:37","guid":{"rendered":"https:\/\/techalti.be\/?page_id=67"},"modified":"2025-02-24T12:31:20","modified_gmt":"2025-02-24T12:31:20","slug":"a-propos","status":"publish","type":"page","link":"https:\/\/techalti.be\/index.php\/a-propos\/","title":{"rendered":"\u00c0 propos"},"content":{"rendered":"\n<section id=\"about\">\n    <h2>\u00c0 propos de Florian Lambrechts<\/h2>\n    <p>Je suis un <strong>d\u00e9veloppeur sp\u00e9cialis\u00e9 en C#, WPF et en d\u00e9veloppement web<\/strong>.<\/p>\n    \n    <p>Pendant <strong>9 ans<\/strong>, jusqu&rsquo;en <strong>octobre 2023<\/strong>, j&rsquo;ai travaill\u00e9 chez \n    <a href=\"https:\/\/www.wolterskluwer.com\/fr-be\" target=\"_blank\">Wolters Kluwer<\/a> sur un produit destin\u00e9 aux \n    <strong>avocats<\/strong>. Cette exp\u00e9rience m&rsquo;a permis d&rsquo;acqu\u00e9rir une solide expertise dans le \n    <strong>d\u00e9veloppement de solutions logicielles<\/strong> adapt\u00e9es aux besoins du \n    <strong>secteur juridique<\/strong>.<\/p>\n    \n    <p>Depuis <strong>octobre 2023<\/strong>, je travaille en tant que <strong>freelance<\/strong> pour un client fran\u00e7ais, \n    <a href=\"https:\/\/www.anafagc.fr\/\" target=\"_blank\">ANAFAGC<\/a>, toujours dans le domaine des avocats, en d\u00e9veloppant \n    des solutions adapt\u00e9es aux exigences du m\u00e9tier.<\/p>\n<div style=\"margin-top: 20px;\">\n        <img decoding=\"async\" src=\"https:\/\/techalti.be\/wp-content\/uploads\/2025\/02\/logo_anafagc.png\" \n             alt=\"ANAFAGC\" \n             style=\"max-width: 80%; height: auto; border-radius: 8px; box-shadow: 0 4px 8px rgba(0, 0, 0, 0.1);\" \/>\n    <\/div>\n<\/section>\n\n","protected":false},"excerpt":{"rendered":"<p>\u00c0 propos de Florian Lambrechts Je suis un d\u00e9veloppeur sp\u00e9cialis\u00e9 en C#, WPF et en d\u00e9veloppement web. Pendant 9 ans, jusqu&rsquo;en octobre 2023, j&rsquo;ai travaill\u00e9 chez Wolters Kluwer sur un produit destin\u00e9 aux avocats. Cette exp\u00e9rience m&rsquo;a permis d&rsquo;acqu\u00e9rir une solide expertise dans le d\u00e9veloppement de solutions logicielles adapt\u00e9es aux besoins du secteur juridique. Depuis [&hellip;]<\/p>\n","protected":false},"author":1,"featured_media":0,"parent":0,"menu_order":0,"comment_status":"closed","ping_status":"closed","template":"","meta":{"footnotes":""},"class_list":["post-67","page","type-page","status-publish","hentry"],"_links":{"self":[{"href":"https:\/\/techalti.be\/index.php\/wp-json\/wp\/v2\/pages\/67","targetHints":{"allow":["GET"]}}],"collection":[{"href":"https:\/\/techalti.be\/index.php\/wp-json\/wp\/v2\/pages"}],"about":[{"href":"https:\/\/techalti.be\/index.php\/wp-json\/wp\/v2\/types\/page"}],"author":[{"embeddable":true,"href":"https:\/\/techalti.be\/index.php\/wp-json\/wp\/v2\/users\/1"}],"replies":[{"embeddable":true,"href":"https:\/\/techalti.be\/index.php\/wp-json\/wp\/v2\/comments?post=67"}],"version-history":[{"count":15,"href":"https:\/\/techalti.be\/index.php\/wp-json\/wp\/v2\/pages\/67\/revisions"}],"predecessor-version":[{"id":235,"href":"https:\/\/techalti.be\/index.php\/wp-json\/wp\/v2\/pages\/67\/revisions\/235"}],"wp:attachment":[{"href":"https:\/\/techalti.be\/index.php\/wp-json\/wp\/v2\/media?parent=67"}],"curies":[{"name":"wp","href":"https:\/\/api.w.org\/{rel}","templated":true}]}}